3.
3, 61, 60811
What are the prime factors of 6968390417?
211, 1787, 18481
List the prime factors of 20482670.
2, 5, 13, 157559
List the prime factors of 432622301.
6073, 71237
List the prime factors of 32868283.
7, 4695469
What are the prime factors of 3747843?
3, 11, 12619
What are the prime factors of 688911179?
11, 17, 1567, 2351
What are the prime factors of 3761592250?
2, 5, 13, 1157413
List the prime factors of 3463720672.
2, 19, 41, 3389
List the prime factors of 56293327.
5711, 9857
What are the prime factors of 58115414?
2, 7, 19, 218479
List the prime factors of 231593200.
2, 5, 197, 2939
What are the prime factors of 1650832371?
3, 47, 3902677
List the prime factors of 187199023.
11, 17018093
What are the prime factors of 346540601?
11, 19, 1658089
List the prime factors of 56061120.
2, 3, 5, 23, 2539
List the prime factors of 80593355.
5, 149, 108179
What are the prime factors of 243518781?
3, 11, 7379357
What are the prime factors of 149141928?
2, 3, 13, 41, 89, 131
List the prime factors of 66296982.
2, 3, 11049497
List the prime factors of 806310841.
7, 3407, 33809
List the prime factors of 225221824.
2, 3519091
What are the prime factors of 51247401?
3, 17, 191, 5261
List the prime factors of 616105824.
2, 3, 139, 46171
List the prime factors of 7790678538.
2, 3, 1298446423
List the prime factors of 148198304.
2, 1621, 2857
List the prime factors of 13282768.
2, 830173
List the prime factors of 14136315.
3, 5, 89, 10589
List the prime factors of 147470793.
3, 49156931
What are the prime factors of 25634675?
5, 11, 31, 97
What are the prime factors of 1330154434?
2, 7, 95011031
List the prime factors of 104533030.
2, 5, 7, 1493329
List the prime factors of 1846096330.
2, 5, 13, 691, 20551
List the prime factors of 339267919.
11783, 28793
List the prime factors of 247835578.
2, 123917789
List the prime factors of 790792273.
790792273
List the prime factors of 7769077.
89, 87293
List the prime factors of 268910858.
2, 251, 535679
List the prime factors of 19276794.
2, 3, 1070933
What are the prime factors of 633945971?
7927, 79973
What are the prime factors of 5334683457?
3, 23, 77314253
List the prime factors of 1943144771.
40031, 48541
What are the prime factors of 742909264?
2, 1321, 35149
What are the prime factors of 4405540810?
2, 5, 11, 40050371
What are the prime factors of 123200750?
2, 5, 19, 37, 701
List the prime factors of 83755814.
2, 97, 431731
List the prime factors of 72828978.
2, 3, 12138163
List the prime factors of 7127047.
1879, 3793
List the prime factors of 5640603.
3, 1880201
What are the prime factors of 74545417?
19, 37, 5581
List the prime factors of 499963807.
7, 2087, 4889
List the prime factors of 1094197328.
2, 7, 31, 89, 3541
What are the prime factors of 46409349?
3, 7, 61, 36229
List the prime factors of 2349916441.
2349916441
List the prime factors of 199387555.
5, 39877511
What are the prime factors of 38898364?
2, 241, 40351
List the prime factors of 2113993023.
3, 704664341
What are the prime factors of 1143705843?
3, 7, 23, 71, 11117
List the prime factors of 1960131022.
2, 3701, 264811
List the prime factors of 128419504.
2, 2411, 3329
List the prime factors of 178097224.
2, 73, 304961
List the prime factors of 355581281.
11, 113, 241, 1187
List the prime factors of 217030299.
3, 72343433
List the prime factors of 3034502258.
2, 1517251129
List the prime factors of 215603082.
2, 3, 11977949
What are the prime factors of 1093441114?
2, 23, 29, 31, 137, 193
What are the prime factors of 427239243?
3, 173, 331, 829
List the prime factors of 117579276.
2, 3, 17, 21347
List the prime factors of 8454934419.
3, 229, 12307037
What are the prime factors of 270041866?
2, 547, 246839
List the prime factors of 105115097.
17, 6183241
List the prime factors of 7243550.
2, 5, 277, 523
What are the prime factors of 18753782?
2, 2087, 4493
What are the prime factors of 1271993157?
3, 29, 163, 1031
What are the prime factors of 12259418?
2, 107, 57287
What are the prime factors of 58557359?
7, 587, 14251
What are the prime factors of 180900889?
13, 13915453
List the prime factors of 106451391.
3, 733, 48409
What are the prime factors of 51141627?
3, 17, 23, 14533
List the prime factors of 104512468.
2, 26128117
What are the prime factors of 83279814?
2, 3, 13879969
What are the prime factors of 96351908?
2, 163, 147779
List the prime factors of 49049704.
2, 11, 499, 1117
List the prime factors of 1520991001.
1520991001
What are the prime factors of 44798129?
73, 613673
What are the prime factors of 78304337?
78304337
What are the prime factors of 169935254?
2, 199, 426973
List the prime factors of 20360647.
19, 83, 12911
List the prime factors of 259434963.
3, 23, 101, 12409
What are the prime factors of 3992742787?
11, 362976617
What are the prime factors of 276412102?
2, 138206051
What are the prime factors of 219000004?
2, 19, 61, 97, 487
What are the prime factors of 479423488?
2, 468187
What are the prime factors of 6410134688?
2, 1823, 109883
What are the prime factors of 6240316?
2, 131, 11909
List the prime factors of 905952401.
31, 47, 709, 877
What are the prime factors of 404396597?
11, 5683, 6469
What are the prime factors of 83076598?
2, 11, 23, 164183
What are the prime factors of 179926892?
2, 67, 671369
List the prime factors of 53915211.
3, 7, 17, 50341
List the prime factors of 2446897361.
2446897361
What are the prime factors of 1952094688?
2, 4457, 13687
What are the prime factors of 1944038222?
2, 7, 138859873
List the prime factors of 73302018.
2, 3, 941, 12983
What are the prime factors of 308442085?
5, 7, 587, 15013
List the prime factors of 169388213.
169388213
What are the prime factors of 645961053?
3, 17, 71, 178393
List the prime factors of 1959867377.
13, 281, 536509
What are the prime factors of 138933019?
138933019
List the prime factors of 49025378.
2, 787, 31147
What are the prime factors of 3187513892?
2, 1877, 424549
List the prime factors of 3348719810.
2, 5, 211, 1237, 1283
List the prime factors of 81120135.
3, 5, 1103, 4903
What are the prime factors of 307649640?
2, 3, 5, 2563747
List the prime factors of 190849355.
5, 38169871
What are the prime factors of 696204270?
2, 3, 5, 19, 407137
List the prime factors of 1196230620.
2, 3, 5, 13, 1533629
List the prime factors of 87028166.
2, 43514083
List the prime factors of 404545711.
997, 405763
What are the prime factors of 900918823?
7, 127, 307, 3301
List the prime factors of 74969303.
17, 1087, 4057
What are the prime factors of 381643369?
381643369
What are the prime factors of 72749656?
2, 7, 1299101
What are the prime factors of 60927261?
3, 20309087
List the prime factors of 2372690021.
13, 269, 678493
What are the prime factors of 911584874?
2, 455792437
What are the prime factors of 52625844?
2, 3, 131, 11159
What are the prime factors of 400037732?
2, 100009433
What are the prime factors of 1726969680?
2, 3, 5, 799523
List the prime factors of 1058609584.
2, 17, 719, 5413
List the prime factors of 275325137.
2549, 108013
What are the prime factors of 964930285?
5, 11, 17, 41, 25171
List the prime factors of 121889775.
3, 5, 7, 232171
What are the prime factors of 1582423929?
3, 175824881
What are the prime factors of 64987398?
2, 3, 7, 515773
List the prime factors of 2272190030.
2, 5, 11, 53, 3221
What are the prime factors of 25337570?
2, 5, 61, 73, 569
What are the prime factors of 3449827743?
3, 1149942581
List the prime factors of 1646218.
2, 7, 59, 1993
What are the prime factors of 276292908?
2, 3, 17, 19, 23761
What are the prime factors of 72993830?
2, 5, 7, 13, 1637
List the prime factors of 30584766.
2, 3, 5097461
What are the prime factors of 87851499?
3, 229, 127877
What are the prime factors of 1230602321?
13, 94661717
What are the prime factors of 14767118?
2, 17, 47, 9241
List the prime factors of 121485546.
2, 3, 7, 13, 74167
List the prime factors of 55876214.
2, 29, 647, 1489
List the prime factors of 1052303608.
2, 67, 1963253
What are the prime factors of 527793344?
2, 13, 634367
List the prime factors of 149278214.
2, 137, 617, 883
What are the prime factors of 81054087?
3, 37, 730217
What are the prime factors of 1913197890?
2, 3, 5, 6173, 10331
List the prime factors of 26672936.
2, 